{"id":19659,"date":"2025-12-23T14:16:00","date_gmt":"2025-12-23T14:16:00","guid":{"rendered":"https:\/\/federacioncanariadehipica.es\/inicio\/?post_type=tribe_events&#038;p=19659"},"modified":"2026-04-27T11:58:47","modified_gmt":"2026-04-27T10:58:47","slug":"cen-xxxiv-raid-la-corona-los-realejos","status":"publish","type":"tribe_events","link":"https:\/\/federacioncanariadehipica.es\/inicio\/evento\/cen-xxxiv-raid-la-corona-los-realejos\/","title":{"rendered":"CEN* | XXXIV Raid La Corona, Los Realejos"},"content":{"rendered":"<h2 class=\"p1\">\u00a1Le damos la bienvenidos a los amantes de la h\u00edpica!<\/h2>\n<p class=\"p1\">Les presentamos un evento imperdible de esta emocionante disciplina. Se llevar\u00e1 a cabo en <b>Icod El Alto, Tenerife<\/b> y se tratar\u00e1 de una competici\u00f3n de <b>Raid CEN*<\/b>.<\/p>\n<p class=\"p1\">Los competidores que participar\u00e1n en este evento son algunos de los m\u00e1s destacados en su campo y prometen ofrecer un espect\u00e1culo de primer nivel. Con su habilidad y destreza, los jinetes y sus equinos dejar\u00e1n al p\u00fablico sin aliento mientras compiten por el primer lugar.<\/p>\n<p class=\"p1\">No importa si eres un experto en la disciplina o si esta es tu primera vez asistiendo a un evento de h\u00edpica, esta competici\u00f3n ser\u00e1 una experiencia inolvidable para todos. Disfruta de la emoci\u00f3n de la competici\u00f3n mientras apoyas a tus jinetes favoritos y observas su habilidad en acci\u00f3n.<\/p>\n<p class=\"p1\">Adem\u00e1s, disfruta del ambiente \u00fanico que se crea en los eventos de h\u00edpica, con el sonido de los cascos de los caballos y la emoci\u00f3n palpable en el aire. Podr\u00e1s disfrutar de una jornada divertida y apasionante, rodeado de otros aficionados a la h\u00edpica.<\/p>\n<p class=\"p1\">As\u00ed que no pierdas la oportunidad de ver a los jinetes y sus caballos en acci\u00f3n en este evento de h\u00edpica. Aseg\u00farate de marcar la fecha en tu calendario y nos vemos en el evento.<\/p>\n","protected":false},"excerpt":{"rendered":"<p>\u00a1Le damos la bienvenidos a los amantes de la h\u00edpica! Les presentamos un evento imperdible de esta emocionante disciplina. Se llevar\u00e1 a cabo en Icod El Alto, Tenerife y se [&hellip;]<\/p>\n","protected":false},"author":1,"featured_media":282,"template":"","meta":{"_acf_changed":false,"_et_pb_use_builder":"","_et_pb_old_content":"","_et_gb_content_width":"","_tribe_events_status":"","_tribe_events_status_reason":"","_tribe_events_is_hybrid":"","_tribe_events_is_virtual":"","_tribe_events_virtual_video_source":"","_tribe_events_virtual_embed_video":"","_tribe_events_virtual_linked_button_text":"","_tribe_events_virtual_linked_button":"","_tribe_events_virtual_show_embed_at":"","_tribe_events_virtual_show_embed_to":[],"_tribe_events_virtual_show_on_event":"","_tribe_events_virtual_show_on_views":"","_tribe_events_virtual_url":"","footnotes":""},"tags":[],"tribe_events_cat":[8],"class_list":["post-19659","tribe_events","type-tribe_events","status-publish","has-post-thumbnail","hentry","tribe_events_cat-raid","cat_raid"],"acf":{"avance_de_programa":"https:\/\/www.cbservicios.net\/CBRFHE\/PDF\/AVA72481404926298267684253862102340844744050867900472830283901882130245292682829512292926219495164651262088411653818970865472039417.pdf","avance_de_programa_territorial":"","avance_de_programa_nacional":"","avance_de_programa_paralimpica":"","avance_de_programa_FEI":"","programa":"","inscripciones":"","inscripciones_territorial":"","inscripciones_nacional":"","inscripciones_paralimpica":"","inscripciones_cei1e":"","inscripciones_cei2e":"","inscripciones_ceiyj1e":"","inscripciones_ceiyj2e":"","inscripciones_cen2e":"","inscripciones_cen1e":"https:\/\/www.cbservicios.net\/Magic94Scripts\/Mgrqispi94.dll?APPNAME=CBRFHE&PRGNAME=FHTNACCONINSRAIDTER&ARGUMENTS=-A72481404926298267684253862102340844744050867900472830283901882130245292682829512292926219495164651262088411653818970865472039417","inscripciones_cenyj1e":"","inscripciones_cena0e":"","inscripciones_cea_p60":"","inscripciones_cea_p40":"","inscripciones_cea_i20":"","inscripciones_correo":"","inscritos":"","inscritos_territoriales":"","inscritos_nacionales":"","inscritos_paralimpica":"","inscritos_cei2e":"","inscritos_cei1e":"","inscritos_ceiyj1e":"","inscritos_ceiyj2e":"","inscritos_cen2e":"","inscritos_cen1e":"https:\/\/www.cbservicios.net\/Magic94Scripts\/Mgrqispi94.dll?APPNAME=CBRFHE&PRGNAME=RFHECONLISINS&ARGUMENTS=-A72481404926298267684253862102340844744050867900472830283901882130245292682829512292926219495164651262088411653818970865472039417","inscritos_cenyj1e":"","inscritos_cea0e":"","inscritos_cea_p60":"","inscritos_cea_p40":"","inscritos_cea_i20":"","lista_de_admitidos":"","resultados":"","orden_de_salida":"","clave_evento":""},"_links":{"self":[{"href":"https:\/\/federacioncanariadehipica.es\/inicio\/wp-json\/wp\/v2\/tribe_events\/19659","targetHints":{"allow":["GET"]}}],"collection":[{"href":"https:\/\/federacioncanariadehipica.es\/inicio\/wp-json\/wp\/v2\/tribe_events"}],"about":[{"href":"https:\/\/federacioncanariadehipica.es\/inicio\/wp-json\/wp\/v2\/types\/tribe_events"}],"author":[{"embeddable":true,"href":"https:\/\/federacioncanariadehipica.es\/inicio\/wp-json\/wp\/v2\/users\/1"}],"version-history":[{"count":3,"href":"https:\/\/federacioncanariadehipica.es\/inicio\/wp-json\/wp\/v2\/tribe_events\/19659\/revisions"}],"predecessor-version":[{"id":20677,"href":"https:\/\/federacioncanariadehipica.es\/inicio\/wp-json\/wp\/v2\/tribe_events\/19659\/revisions\/20677"}],"wp:featuredmedia":[{"embeddable":true,"href":"https:\/\/federacioncanariadehipica.es\/inicio\/wp-json\/wp\/v2\/media\/282"}],"wp:attachment":[{"href":"https:\/\/federacioncanariadehipica.es\/inicio\/wp-json\/wp\/v2\/media?parent=19659"}],"wp:term":[{"taxonomy":"post_tag","embeddable":true,"href":"https:\/\/federacioncanariadehipica.es\/inicio\/wp-json\/wp\/v2\/tags?post=19659"},{"taxonomy":"tribe_events_cat","embeddable":true,"href":"https:\/\/federacioncanariadehipica.es\/inicio\/wp-json\/wp\/v2\/tribe_events_cat?post=19659"}],"curies":[{"name":"wp","href":"https:\/\/api.w.org\/{rel}","templated":true}]}}

<h2 class="p1">¡Le damos la bienvenidos a los amantes de la hípica!</h2>
<p class="p1">Les presentamos un evento imperdible de esta emocionante disciplina. Se llevará a cabo en <b>Icod El Alto, Tenerife</b> y se tratará de una competición de <b>Raid CEN*</b>.</p>
<p class="p1">Los competidores que participarán en este evento son algunos de los más destacados en su campo y prometen ofrecer un espectáculo de primer nivel. Con su habilidad y destreza, los jinetes y sus equinos dejarán al público sin aliento mientras compiten por el primer lugar.</p>
<p class="p1">No importa si eres un experto en la disciplina o si esta es tu primera vez asistiendo a un evento de hípica, esta competición será una experiencia inolvidable para todos. Disfruta de la emoción de la competición mientras apoyas a tus jinetes favoritos y observas su habilidad en acción.</p>
<p class="p1">Además, disfruta del ambiente único que se crea en los eventos de hípica, con el sonido de los cascos de los caballos y la emoción palpable en el aire. Podrás disfrutar de una jornada divertida y apasionante, rodeado de otros aficionados a la hípica.</p>
<p class="p1">Así que no pierdas la oportunidad de ver a los jinetes y sus caballos en acción en este evento de hípica. Asegúrate de marcar la fecha en tu calendario y nos vemos en el evento.</p>

<p>¡Le damos la bienvenidos a los amantes de la hípica! Les presentamos un evento imperdible de esta emocionante disciplina. Se llevará a cabo en Icod El Alto, Tenerife y se [&hellip;]</p>
